{"id":34425,"date":"2022-02-10T09:01:58","date_gmt":"2022-02-10T14:01:58","guid":{"rendered":"https:\/\/pontscouverts.com\/blogue\/?page_id=34425"},"modified":"2022-02-10T09:33:29","modified_gmt":"2022-02-10T14:33:29","slug":"pont-st-pierre","status":"publish","type":"page","link":"https:\/\/pontscouverts.com\/blogue\/pont-st-pierre\/","title":{"rendered":"Pont St-Pierre"},"content":{"rendered":"<h1 class=\"paragraph_style_2\"><span style=\"color: #008000;\"><em><strong><span class=\"style_2\">Centre-du-Qu\u00e9bec<\/span><\/strong><\/em><\/span><\/h1>\n<h2 class=\"paragraph_style_3\">St-Pierre-les-Becquets<\/h2>\n<div id=\"attachment_34426\" style=\"width: 1474px\" class=\"wp-caption alignnone\"><a href=\"https:\/\/pontscouverts.com\/blogue\/wp-content\/uploads\/2022\/02\/61-51-05B.jpg\"><img aria-describedby=\"caption-attachment-34426\" loading=\"lazy\" class=\"wp-image-34426 size-full\" src=\"https:\/\/pontscouverts.com\/blogue\/wp-content\/uploads\/2022\/02\/61-51-05B.jpg\" alt=\"\" width=\"1464\" height=\"903\" srcset=\"https:\/\/pontscouverts.com\/blogue\/wp-content\/uploads\/2022\/02\/61-51-05B.jpg 1464w, https:\/\/pontscouverts.com\/blogue\/wp-content\/uploads\/2022\/02\/61-51-05B-300x185.jpg 300w, https:\/\/pontscouverts.com\/blogue\/wp-content\/uploads\/2022\/02\/61-51-05B-768x474.jpg 768w, https:\/\/pontscouverts.com\/blogue\/wp-content\/uploads\/2022\/02\/61-51-05B-1024x632.jpg 1024w, https:\/\/pontscouverts.com\/blogue\/wp-content\/uploads\/2022\/02\/61-51-05B-624x385.jpg 624w\" sizes=\"(max-width: 1464px) 100vw, 1464px\" \/><\/a><p id=\"caption-attachment-34426\" class=\"wp-caption-text\">Pierre Duff Juin 1975<\/p><\/div>\n<p><span style=\"color: #000000;\"><strong>Construction :<\/strong>\u00a01915<\/span><br \/>\n<span style=\"color: #000000;\"><strong>Longueur :<\/strong>\u00a057 pieds<\/span><br \/>\n<span style=\"color: #000000;\"><strong>Cours d\u2019eau :<\/strong> Rivi\u00e8re aux Orignaux<\/span><br \/>\n<span style=\"color: #000000;\"><strong>Statut :<\/strong>\u00a0Remplac\u00e9 en 1978<\/span><br \/>\n<span style=\"color: #000000;\"><strong>Localisation :<\/strong>\u00a0Route Lamothe<\/span><br \/>\n<span style=\"color: #000000;\"><strong>Type de ferme :<\/strong> Town \u00e9labor\u00e9<\/span><br \/>\n<span style=\"color: #000000;\"><strong>Hauteur libre :<\/strong>\u00a0n\/d<\/span><br \/>\n<span style=\"color: #000000;\"><strong>Charge affich\u00e9e :<\/strong>\u00a0n\/d<\/span><br \/>\n<span style=\"color: #000000;\"><strong>No officiel :<\/strong> 61-51-05<\/span><br \/>\n<a href=\"https:\/\/st-pierre-les-becquets.qc.ca\" target=\"_blank\" rel=\"noopener\"><strong><span style=\"color: #0000ff;\">Site Web de la ville<\/span><\/strong><\/a><br \/>\n<span style=\"color: #000000;\"><strong>Coordonn\u00e9es GPS :<\/strong> 46.446187 -72.178774<\/span><\/p>\n<h2><span style=\"color: #008000;\"><strong>\u00c0 propos de ce pont :<\/strong><\/span><\/h2>\n<p><span style=\"color: #000000;\">Construit en 1915 pour la somme de 1738.80 $.<\/span><br \/>\n<span style=\"color: #000000;\">Ce pont couvert, plut\u00f4t court, \u00e9tait situ\u00e9 au-dessus d&rsquo;une petite cascade.<\/span><br \/>\n<span style=\"color: #000000;\">Peint en gris avec d\u00e9coupage en vert.<\/span><br \/>\n<span style=\"color: #000000;\">Cul\u00e9es en b\u00e9ton.<\/span><br \/>\n<span style=\"color: #000000;\">Toiture en t\u00f4le.<\/span><br \/>\n<span style=\"color: #000000;\">Lambris constitu\u00e9 de planches dispos\u00e9es \u00e0 l&rsquo;horizontale et pourvu d&rsquo;une ouverture lat\u00e9rale de chaque c\u00f4t\u00e9.<\/span><br \/>\n<span style=\"color: #000000;\">Remplac\u00e9 en 1978 par une structure plus moderne.<\/span><br \/>\n<span style=\"color: #000000;\">Sources : informations compil\u00e9es par Ga\u00e9tan Forest.<\/span><\/p>\n<h1 style=\"text-align: center;\"><span style=\"color: #333399;\">GALERIE DE PHOTOS<\/span><\/h1>\n\n\t\t<style type=\"text\/css\">\n\t\t\t#gallery-1 {\n\t\t\t\tmargin: auto;\n\t\t\t}\n\t\t\t#gallery-1 .gallery-item {\n\t\t\t\tfloat: left;\n\t\t\t\tmargin-top: 10px;\n\t\t\t\ttext-align: center;\n\t\t\t\twidth: 33%;\n\t\t\t}\n\t\t\t#gallery-1 img {\n\t\t\t\tborder: 2px solid #cfcfcf;\n\t\t\t}\n\t\t\t#gallery-1 .gallery-caption {\n\t\t\t\tmargin-left: 0;\n\t\t\t}\n\t\t\t\/* see gallery_shortcode() in wp-includes\/media.php *\/\n\t\t<\/style>\n\t\t<div id='gallery-1' class='gallery galleryid-34425 gallery-columns-3 gallery-size-thumbnail'><dl class='gallery-item'>\n\t\t\t<dt class='gallery-icon landscape'>\n\t\t\t\t<a href='https:\/\/pontscouverts.com\/blogue\/wp-content\/uploads\/2022\/02\/61-51-05A.jpg'><img width=\"150\" height=\"106\" src=\"https:\/\/pontscouverts.com\/blogue\/wp-content\/uploads\/2022\/02\/61-51-05A-e1644246761556-150x106.jpg\" class=\"attachment-thumbnail size-thumbnail\" alt=\"\" loading=\"lazy\" aria-describedby=\"gallery-1-34431\" \/><\/a>\n\t\t\t<\/dt>\n\t\t\t\t<dd class='wp-caption-text gallery-caption' id='gallery-1-34431'>\n\t\t\t\tPierre Duff Juin 1975\n\t\t\t\t<\/dd><\/dl><dl class='gallery-item'>\n\t\t\t<dt class='gallery-icon portrait'>\n\t\t\t\t<a href='https:\/\/pontscouverts.com\/blogue\/wp-content\/uploads\/2022\/02\/b-61-51-05-sainte-c\u00e9cile-de-l\u00e9vrard-1971-Hallie-Jones-coll.-G\u00e9rald-Arbour.jpg'><img width=\"143\" height=\"150\" src=\"https:\/\/pontscouverts.com\/blogue\/wp-content\/uploads\/2022\/02\/b-61-51-05-sainte-c\u00e9cile-de-l\u00e9vrard-1971-Hallie-Jones-coll.-G\u00e9rald-Arbour-e1644246772106-143x150.jpg\" class=\"attachment-thumbnail size-thumbnail\" alt=\"\" loading=\"lazy\" aria-describedby=\"gallery-1-34432\" \/><\/a>\n\t\t\t<\/dt>\n\t\t\t\t<dd class='wp-caption-text gallery-caption' id='gallery-1-34432'>\n\t\t\t\tHallie Jones 1971 (Collection : G\u00e9rald Arbour)\n\t\t\t\t<\/dd><\/dl><dl class='gallery-item'>\n\t\t\t<dt class='gallery-icon landscape'>\n\t\t\t\t<a href='https:\/\/pontscouverts.com\/blogue\/wp-content\/uploads\/2022\/02\/Richard_Roy_Coll.jpg'><img width=\"150\" height=\"101\" src=\"https:\/\/pontscouverts.com\/blogue\/wp-content\/uploads\/2022\/02\/Richard_Roy_Coll-e1644500500479-150x101.jpg\" class=\"attachment-thumbnail size-thumbnail\" alt=\"\" loading=\"lazy\" aria-describedby=\"gallery-1-34450\" \/><\/a>\n\t\t\t<\/dt>\n\t\t\t\t<dd class='wp-caption-text gallery-caption' id='gallery-1-34450'>\n\t\t\t\tCollection : Richard Roy\n\t\t\t\t<\/dd><\/dl><br style=\"clear: both\" \/><dl class='gallery-item'>\n\t\t\t<dt class='gallery-icon landscape'>\n\t\t\t\t<a href='https:\/\/pontscouverts.com\/blogue\/wp-content\/uploads\/2022\/02\/Carte-61-51-05.jpg'><img width=\"150\" height=\"79\" src=\"https:\/\/pontscouverts.com\/blogue\/wp-content\/uploads\/2022\/02\/Carte-61-51-05-e1644503583270-150x79.jpg\" class=\"attachment-thumbnail size-thumbnail\" alt=\"\" loading=\"lazy\" aria-describedby=\"gallery-1-34459\" \/><\/a>\n\t\t\t<\/dt>\n\t\t\t\t<dd class='wp-caption-text gallery-caption' id='gallery-1-34459'>\n\t\t\t\tCarte Google situant le pont\n\t\t\t\t<\/dd><\/dl>\n\t\t\t<br style='clear: both' \/>\n\t\t<\/div>\n\n","protected":false},"excerpt":{"rendered":"<p>Centre-du-Qu\u00e9bec St-Pierre-les-Becquets Construction :\u00a01915 Longueur :\u00a057 pieds Cours d\u2019eau : Rivi\u00e8re aux Orignaux Statut :\u00a0Remplac\u00e9 en 1978 Localisation :\u00a0Route Lamothe Type de ferme : Town \u00e9labor\u00e9 Hauteur libre :\u00a0n\/d Charge affich\u00e9e :\u00a0n\/d No officiel : 61-51-05 Site Web de la ville Coordonn\u00e9es GPS : 46.446187 -72.178774 \u00c0 propos de ce pont : Construit en 1915 [&hellip;]<\/p>\n","protected":false},"author":1,"featured_media":0,"parent":0,"menu_order":0,"comment_status":"closed","ping_status":"closed","template":"","meta":[],"_links":{"self":[{"href":"https:\/\/pontscouverts.com\/blogue\/wp-json\/wp\/v2\/pages\/34425"}],"collection":[{"href":"https:\/\/pontscouverts.com\/blogue\/wp-json\/wp\/v2\/pages"}],"about":[{"href":"https:\/\/pontscouverts.com\/blogue\/wp-json\/wp\/v2\/types\/page"}],"author":[{"embeddable":true,"href":"https:\/\/pontscouverts.com\/blogue\/wp-json\/wp\/v2\/users\/1"}],"replies":[{"embeddable":true,"href":"https:\/\/pontscouverts.com\/blogue\/wp-json\/wp\/v2\/comments?post=34425"}],"version-history":[{"count":12,"href":"https:\/\/pontscouverts.com\/blogue\/wp-json\/wp\/v2\/pages\/34425\/revisions"}],"predecessor-version":[{"id":34460,"href":"https:\/\/pontscouverts.com\/blogue\/wp-json\/wp\/v2\/pages\/34425\/revisions\/34460"}],"wp:attachment":[{"href":"https:\/\/pontscouverts.com\/blogue\/wp-json\/wp\/v2\/media?parent=34425"}],"curies":[{"name":"wp","href":"https:\/\/api.w.org\/{rel}","templated":true}]}}