{"id":31218,"date":"2021-03-18T09:18:47","date_gmt":"2021-03-18T13:18:47","guid":{"rendered":"http:\/\/pontscouverts.com\/blogue\/?page_id=31218"},"modified":"2021-03-18T09:19:52","modified_gmt":"2021-03-18T13:19:52","slug":"pont-du-cran-serre","status":"publish","type":"page","link":"https:\/\/pontscouverts.com\/blogue\/pont-du-cran-serre\/","title":{"rendered":"Pont du Cran-Serr\u00e9"},"content":{"rendered":"<h1 class=\"paragraph_style_2\"><em><strong><span class=\"style_2\" style=\"color: #008000;\">Saguenay-Lac-St-Jean<\/span><\/strong><\/em><\/h1>\n<h2 class=\"paragraph_style_3\"><span style=\"color: #000000;\">Lac-Bouchette (St-Thomas-d&rsquo;Aquin)<\/span><\/h2>\n<div id=\"attachment_31219\" style=\"width: 1155px\" class=\"wp-caption alignnone\"><a href=\"http:\/\/pontscouverts.com\/blogue\/wp-content\/uploads\/2021\/03\/61-60-15_Sept1977e.jpg\"><img aria-describedby=\"caption-attachment-31219\" loading=\"lazy\" class=\"wp-image-31219 size-full\" src=\"http:\/\/pontscouverts.com\/blogue\/wp-content\/uploads\/2021\/03\/61-60-15_Sept1977e.jpg\" alt=\"\" width=\"1145\" height=\"748\" srcset=\"https:\/\/pontscouverts.com\/blogue\/wp-content\/uploads\/2021\/03\/61-60-15_Sept1977e.jpg 1145w, https:\/\/pontscouverts.com\/blogue\/wp-content\/uploads\/2021\/03\/61-60-15_Sept1977e-300x196.jpg 300w, https:\/\/pontscouverts.com\/blogue\/wp-content\/uploads\/2021\/03\/61-60-15_Sept1977e-768x502.jpg 768w, https:\/\/pontscouverts.com\/blogue\/wp-content\/uploads\/2021\/03\/61-60-15_Sept1977e-1024x669.jpg 1024w\" sizes=\"(max-width: 1145px) 100vw, 1145px\" \/><\/a><p id=\"caption-attachment-31219\" class=\"wp-caption-text\">Pierre Duff Septembre 1977<\/p><\/div>\n<p><span style=\"color: #000000;\"><strong>Construction : <\/strong>vers 1910<\/span><br \/>\n<span style=\"color: #000000;\"><strong>Longueur :<\/strong>\u00a073 pieds<\/span><br \/>\n<span style=\"color: #000000;\"><strong>Cours d\u2019eau :<\/strong>\u00a0Rivi\u00e8re Ouiatchouan<\/span><br \/>\n<span style=\"color: #000000;\"><strong>Statut :<\/strong> Incendi\u00e9 en 1978<\/span><br \/>\n<span style=\"color: #000000;\"><strong>Localisation :<\/strong>\u00a0Chemin de la Montagne<\/span><br \/>\n<span style=\"color: #000000;\"><strong>Type de ferme :<\/strong> Town \u00e9labor\u00e9<\/span><br \/>\n<span style=\"color: #000000;\"><strong>No officiel :<\/strong> 61-60-15<\/span><br \/>\n<a href=\"https:\/\/municipalites-du-quebec.ca\/lac-bouchette\/index.php\" target=\"_blank\" rel=\"noopener\"><strong><span style=\"color: #0000ff;\">Site Web de la ville<\/span><\/strong><\/a><\/p>\n<h2><span style=\"color: #008000;\"><strong>\u00c0 propos de ce pont :<\/strong><\/span><\/h2>\n<p style=\"text-align: justify;\"><span style=\"color: #000000;\">On ignore la date exacte de construction de ce pont mais on la situe vers 1910.<\/span><br \/>\n<span style=\"color: #000000;\">Le pont doit son nom au fait que la rivi\u00e8re y est \u00e9troite et bord\u00e9e d&rsquo;un cran.<\/span><br \/>\n<span style=\"color: #000000;\">Cette structure, \u00e9galement connue sous le nom de pont Rouge, \u00e9tait situ\u00e9e entre le lac des Commissaires et le lac Bouchette.<\/span><br \/>\n<span style=\"color: #000000;\">Cul\u00e9es tr\u00e8s hautes, faites de caissons en bois lambriss\u00e9s de planches verticales.<\/span><br \/>\n<span style=\"color: #000000;\">Deux ouvertures lat\u00e9rales de chaque c\u00f4t\u00e9 du pont.<\/span><br \/>\n<span style=\"color: #000000;\">Lambris constitu\u00e9 de planches horizontales,\u00a0d\u2019abord peintes en rouge avec d\u00e9coupage gris ou blanc (1972), puis en gris avec d\u00e9coupage vert (1976).<\/span><br \/>\n<span style=\"color: #000000;\">Toiture en t\u00f4le.<\/span><br \/>\n<span style=\"color: #000000;\">Ce pont avait subi de nombreuses restaurations avant d&rsquo;\u00eatre incendi\u00e9 en 1978.<\/span><br \/>\n<span style=\"color: #000000;\">La municipalit\u00e9 de Saint-Thomas-d&rsquo;Aquin a \u00e9t\u00e9 fusionn\u00e9e au village de Lac-Bouchette le 25 septembre 1971.<\/span><br \/>\n<span style=\"color: #000000;\">Note : donn\u00e9es compil\u00e9es par Ga\u00e9tan Forest.<\/span><\/p>\n<h1 style=\"text-align: center;\"><span style=\"color: #333399;\">GALERIE DE PHOTOS<\/span><\/h1>\n\n\t\t<style type=\"text\/css\">\n\t\t\t#gallery-1 {\n\t\t\t\tmargin: auto;\n\t\t\t}\n\t\t\t#gallery-1 .gallery-item {\n\t\t\t\tfloat: left;\n\t\t\t\tmargin-top: 10px;\n\t\t\t\ttext-align: center;\n\t\t\t\twidth: 33%;\n\t\t\t}\n\t\t\t#gallery-1 img {\n\t\t\t\tborder: 2px solid #cfcfcf;\n\t\t\t}\n\t\t\t#gallery-1 .gallery-caption {\n\t\t\t\tmargin-left: 0;\n\t\t\t}\n\t\t\t\/* see gallery_shortcode() in wp-includes\/media.php *\/\n\t\t<\/style>\n\t\t<div id='gallery-1' class='gallery galleryid-31218 gallery-columns-3 gallery-size-thumbnail'><dl class='gallery-item'>\n\t\t\t<dt class='gallery-icon landscape'>\n\t\t\t\t<a href='https:\/\/pontscouverts.com\/blogue\/wp-content\/uploads\/2021\/03\/616015_1978_Cran-Serr\u00e9_d\u00e9ch.-lac-des-Commissaires_Lac-Bouchette_carte-1978-31A01E-BAnQ.jpg'><img width=\"150\" height=\"78\" src=\"https:\/\/pontscouverts.com\/blogue\/wp-content\/uploads\/2021\/03\/616015_1978_Cran-Serr\u00e9_d\u00e9ch.-lac-des-Commissaires_Lac-Bouchette_carte-1978-31A01E-BAnQ-e1616071911645-150x78.jpg\" class=\"attachment-thumbnail size-thumbnail\" alt=\"\" loading=\"lazy\" aria-describedby=\"gallery-1-31234\" \/><\/a>\n\t\t\t<\/dt>\n\t\t\t\t<dd class='wp-caption-text gallery-caption' id='gallery-1-31234'>\n\t\t\t\tCarte BAnQ de 1978 localisant l&#8217;emplacement du pont\n\t\t\t\t<\/dd><\/dl><dl class='gallery-item'>\n\t\t\t<dt class='gallery-icon landscape'>\n\t\t\t\t<a href='https:\/\/pontscouverts.com\/blogue\/wp-content\/uploads\/2021\/03\/61-60-15_Sept1977b.jpg'><img width=\"150\" height=\"100\" src=\"https:\/\/pontscouverts.com\/blogue\/wp-content\/uploads\/2021\/03\/61-60-15_Sept1977b-e1615985200293-150x100.jpg\" class=\"attachment-thumbnail size-thumbnail\" alt=\"\" loading=\"lazy\" aria-describedby=\"gallery-1-31228\" \/><\/a>\n\t\t\t<\/dt>\n\t\t\t\t<dd class='wp-caption-text gallery-caption' id='gallery-1-31228'>\n\t\t\t\tPierre Duff Septembre 1977\n\t\t\t\t<\/dd><\/dl><dl class='gallery-item'>\n\t\t\t<dt class='gallery-icon landscape'>\n\t\t\t\t<a href='https:\/\/pontscouverts.com\/blogue\/wp-content\/uploads\/2021\/03\/61-60-15_Sept1977f.jpg'><img width=\"150\" height=\"92\" src=\"https:\/\/pontscouverts.com\/blogue\/wp-content\/uploads\/2021\/03\/61-60-15_Sept1977f-e1615985234923-150x92.jpg\" class=\"attachment-thumbnail size-thumbnail\" alt=\"\" loading=\"lazy\" aria-describedby=\"gallery-1-31231\" \/><\/a>\n\t\t\t<\/dt>\n\t\t\t\t<dd class='wp-caption-text gallery-caption' id='gallery-1-31231'>\n\t\t\t\tPierre Duff Septembre 1977\n\t\t\t\t<\/dd><\/dl><br style=\"clear: both\" \/><dl class='gallery-item'>\n\t\t\t<dt class='gallery-icon portrait'>\n\t\t\t\t<a href='https:\/\/pontscouverts.com\/blogue\/wp-content\/uploads\/2021\/03\/61-60-15_Sept1977a.jpg'><img width=\"100\" height=\"150\" src=\"https:\/\/pontscouverts.com\/blogue\/wp-content\/uploads\/2021\/03\/61-60-15_Sept1977a-e1615985183305-100x150.jpg\" class=\"attachment-thumbnail size-thumbnail\" alt=\"\" loading=\"lazy\" aria-describedby=\"gallery-1-31227\" \/><\/a>\n\t\t\t<\/dt>\n\t\t\t\t<dd class='wp-caption-text gallery-caption' id='gallery-1-31227'>\n\t\t\t\tPierre Duff Septembre 1977\n\t\t\t\t<\/dd><\/dl><dl class='gallery-item'>\n\t\t\t<dt class='gallery-icon portrait'>\n\t\t\t\t<a href='https:\/\/pontscouverts.com\/blogue\/wp-content\/uploads\/2021\/03\/61-60-15_Sept1977c.jpg'><img width=\"99\" height=\"150\" src=\"https:\/\/pontscouverts.com\/blogue\/wp-content\/uploads\/2021\/03\/61-60-15_Sept1977c-e1615985212811-99x150.jpg\" class=\"attachment-thumbnail size-thumbnail\" alt=\"\" loading=\"lazy\" aria-describedby=\"gallery-1-31229\" \/><\/a>\n\t\t\t<\/dt>\n\t\t\t\t<dd class='wp-caption-text gallery-caption' id='gallery-1-31229'>\n\t\t\t\tPierre Duff Septembre 1977\n\t\t\t\t<\/dd><\/dl><dl class='gallery-item'>\n\t\t\t<dt class='gallery-icon portrait'>\n\t\t\t\t<a href='https:\/\/pontscouverts.com\/blogue\/wp-content\/uploads\/2021\/03\/61-60-15_Sept1977d.jpg'><img width=\"116\" height=\"150\" src=\"https:\/\/pontscouverts.com\/blogue\/wp-content\/uploads\/2021\/03\/61-60-15_Sept1977d-e1615985223666-116x150.jpg\" class=\"attachment-thumbnail size-thumbnail\" alt=\"\" loading=\"lazy\" aria-describedby=\"gallery-1-31230\" \/><\/a>\n\t\t\t<\/dt>\n\t\t\t\t<dd class='wp-caption-text gallery-caption' id='gallery-1-31230'>\n\t\t\t\tPierre Duff Septembre 1977\n\t\t\t\t<\/dd><\/dl><br style=\"clear: both\" \/>\n\t\t<\/div>\n\n<p>&nbsp;<\/p>\n","protected":false},"excerpt":{"rendered":"<p>Saguenay-Lac-St-Jean Lac-Bouchette (St-Thomas-d&rsquo;Aquin) Construction : vers 1910 Longueur :\u00a073 pieds Cours d\u2019eau :\u00a0Rivi\u00e8re Ouiatchouan Statut : Incendi\u00e9 en 1978 Localisation :\u00a0Chemin de la Montagne Type de ferme : Town \u00e9labor\u00e9 No officiel : 61-60-15 Site Web de la ville \u00c0 propos de ce pont : On ignore la date exacte de construction de ce pont [&hellip;]<\/p>\n","protected":false},"author":1,"featured_media":0,"parent":0,"menu_order":0,"comment_status":"closed","ping_status":"closed","template":"","meta":[],"_links":{"self":[{"href":"https:\/\/pontscouverts.com\/blogue\/wp-json\/wp\/v2\/pages\/31218"}],"collection":[{"href":"https:\/\/pontscouverts.com\/blogue\/wp-json\/wp\/v2\/pages"}],"about":[{"href":"https:\/\/pontscouverts.com\/blogue\/wp-json\/wp\/v2\/types\/page"}],"author":[{"embeddable":true,"href":"https:\/\/pontscouverts.com\/blogue\/wp-json\/wp\/v2\/users\/1"}],"replies":[{"embeddable":true,"href":"https:\/\/pontscouverts.com\/blogue\/wp-json\/wp\/v2\/comments?post=31218"}],"version-history":[{"count":11,"href":"https:\/\/pontscouverts.com\/blogue\/wp-json\/wp\/v2\/pages\/31218\/revisions"}],"predecessor-version":[{"id":31237,"href":"https:\/\/pontscouverts.com\/blogue\/wp-json\/wp\/v2\/pages\/31218\/revisions\/31237"}],"wp:attachment":[{"href":"https:\/\/pontscouverts.com\/blogue\/wp-json\/wp\/v2\/media?parent=31218"}],"curies":[{"name":"wp","href":"https:\/\/api.w.org\/{rel}","templated":true}]}}

Pont du Cran-Serré

<h1 class="paragraph_style_2"><em><strong><span class="style_2" style="color: #008000;">Saguenay-Lac-St-Jean</span></strong></em></h1>
<h2 class="paragraph_style_3"><span style="color: #000000;">Lac-Bouchette (St-Thomas-d&rsquo;Aquin)</span></h2>
<div id="attachment_31219" style="width: 1155px" class="wp-caption alignnone"><a href="http://pontscouverts.com/blogue/wp-content/uploads/2021/03/61-60-15_Sept1977e.jpg"><img aria-describedby="caption-attachment-31219" loading="lazy" class="wp-image-31219 size-full" src="http://pontscouverts.com/blogue/wp-content/uploads/2021/03/61-60-15_Sept1977e.jpg" alt="" width="1145" height="748" srcset="https://pontscouverts.com/blogue/wp-content/uploads/2021/03/61-60-15_Sept1977e.jpg 1145w, https://pontscouverts.com/blogue/wp-content/uploads/2021/03/61-60-15_Sept1977e-300x196.jpg 300w, https://pontscouverts.com/blogue/wp-content/uploads/2021/03/61-60-15_Sept1977e-768x502.jpg 768w, https://pontscouverts.com/blogue/wp-content/uploads/2021/03/61-60-15_Sept1977e-1024x669.jpg 1024w" sizes="(max-width: 1145px) 100vw, 1145px" /></a><p id="caption-attachment-31219" class="wp-caption-text">Pierre Duff Septembre 1977</p></div>
<p><span style="color: #000000;"><strong>Construction : </strong>vers 1910</span><br />
<span style="color: #000000;"><strong>Longueur :</strong> 73 pieds</span><br />
<span style="color: #000000;"><strong>Cours d’eau :</strong> Rivière Ouiatchouan</span><br />
<span style="color: #000000;"><strong>Statut :</strong> Incendié en 1978</span><br />
<span style="color: #000000;"><strong>Localisation :</strong> Chemin de la Montagne</span><br />
<span style="color: #000000;"><strong>Type de ferme :</strong> Town élaboré</span><br />
<span style="color: #000000;"><strong>No officiel :</strong> 61-60-15</span><br />
<a href="https://municipalites-du-quebec.ca/lac-bouchette/index.php" target="_blank" rel="noopener"><strong><span style="color: #0000ff;">Site Web de la ville</span></strong></a></p>
<h2><span style="color: #008000;"><strong>À propos de ce pont :</strong></span></h2>
<p style="text-align: justify;"><span style="color: #000000;">On ignore la date exacte de construction de ce pont mais on la situe vers 1910.</span><br />
<span style="color: #000000;">Le pont doit son nom au fait que la rivière y est étroite et bordée d&rsquo;un cran.</span><br />
<span style="color: #000000;">Cette structure, également connue sous le nom de pont Rouge, était située entre le lac des Commissaires et le lac Bouchette.</span><br />
<span style="color: #000000;">Culées très hautes, faites de caissons en bois lambrissés de planches verticales.</span><br />
<span style="color: #000000;">Deux ouvertures latérales de chaque côté du pont.</span><br />
<span style="color: #000000;">Lambris constitué de planches horizontales, d’abord peintes en rouge avec découpage gris ou blanc (1972), puis en gris avec découpage vert (1976).</span><br />
<span style="color: #000000;">Toiture en tôle.</span><br />
<span style="color: #000000;">Ce pont avait subi de nombreuses restaurations avant d&rsquo;être incendié en 1978.</span><br />
<span style="color: #000000;">La municipalité de Saint-Thomas-d&rsquo;Aquin a été fusionnée au village de Lac-Bouchette le 25 septembre 1971.</span><br />
<span style="color: #000000;">Note : données compilées par Gaétan Forest.</span></p>
<h1 style="text-align: center;"><span style="color: #333399;">GALERIE DE PHOTOS</span></h1>

		<style type="text/css">
			#gallery-1 {
				margin: auto;
			}
			#gallery-1 .gallery-item {
				float: left;
				margin-top: 10px;
				text-align: center;
				width: 33%;
			}
			#gallery-1 img {
				border: 2px solid #cfcfcf;
			}
			#gallery-1 .gallery-caption {
				margin-left: 0;
			}
			/* see gallery_shortcode() in wp-includes/media.php */
		</style>
		<div id='gallery-1' class='gallery galleryid-31218 gallery-columns-3 gallery-size-thumbnail'><dl class='gallery-item'>
			<dt class='gallery-icon landscape'>
				<a href='https://pontscouverts.com/blogue/wp-content/uploads/2021/03/616015_1978_Cran-Serré_déch.-lac-des-Commissaires_Lac-Bouchette_carte-1978-31A01E-BAnQ.jpg'><img width="150" height="78" src="https://pontscouverts.com/blogue/wp-content/uploads/2021/03/616015_1978_Cran-Serré_déch.-lac-des-Commissaires_Lac-Bouchette_carte-1978-31A01E-BAnQ-e1616071911645-150x78.jpg" class="attachment-thumbnail size-thumbnail" alt="" loading="lazy" aria-describedby="gallery-1-31234" /></a>
			</dt>
				<dd class='wp-caption-text gallery-caption' id='gallery-1-31234'>
				Carte BAnQ de 1978 localisant l&#8217;emplacement du pont
				</dd></dl><dl class='gallery-item'>
			<dt class='gallery-icon landscape'>
				<a href='https://pontscouverts.com/blogue/wp-content/uploads/2021/03/61-60-15_Sept1977b.jpg'><img width="150" height="100" src="https://pontscouverts.com/blogue/wp-content/uploads/2021/03/61-60-15_Sept1977b-e1615985200293-150x100.jpg" class="attachment-thumbnail size-thumbnail" alt="" loading="lazy" aria-describedby="gallery-1-31228" /></a>
			</dt>
				<dd class='wp-caption-text gallery-caption' id='gallery-1-31228'>
				Pierre Duff Septembre 1977
				</dd></dl><dl class='gallery-item'>
			<dt class='gallery-icon landscape'>
				<a href='https://pontscouverts.com/blogue/wp-content/uploads/2021/03/61-60-15_Sept1977f.jpg'><img width="150" height="92" src="https://pontscouverts.com/blogue/wp-content/uploads/2021/03/61-60-15_Sept1977f-e1615985234923-150x92.jpg" class="attachment-thumbnail size-thumbnail" alt="" loading="lazy" aria-describedby="gallery-1-31231" /></a>
			</dt>
				<dd class='wp-caption-text gallery-caption' id='gallery-1-31231'>
				Pierre Duff Septembre 1977
				</dd></dl><br style="clear: both" /><dl class='gallery-item'>
			<dt class='gallery-icon portrait'>
				<a href='https://pontscouverts.com/blogue/wp-content/uploads/2021/03/61-60-15_Sept1977a.jpg'><img width="100" height="150" src="https://pontscouverts.com/blogue/wp-content/uploads/2021/03/61-60-15_Sept1977a-e1615985183305-100x150.jpg" class="attachment-thumbnail size-thumbnail" alt="" loading="lazy" aria-describedby="gallery-1-31227" /></a>
			</dt>
				<dd class='wp-caption-text gallery-caption' id='gallery-1-31227'>
				Pierre Duff Septembre 1977
				</dd></dl><dl class='gallery-item'>
			<dt class='gallery-icon portrait'>
				<a href='https://pontscouverts.com/blogue/wp-content/uploads/2021/03/61-60-15_Sept1977c.jpg'><img width="99" height="150" src="https://pontscouverts.com/blogue/wp-content/uploads/2021/03/61-60-15_Sept1977c-e1615985212811-99x150.jpg" class="attachment-thumbnail size-thumbnail" alt="" loading="lazy" aria-describedby="gallery-1-31229" /></a>
			</dt>
				<dd class='wp-caption-text gallery-caption' id='gallery-1-31229'>
				Pierre Duff Septembre 1977
				</dd></dl><dl class='gallery-item'>
			<dt class='gallery-icon portrait'>
				<a href='https://pontscouverts.com/blogue/wp-content/uploads/2021/03/61-60-15_Sept1977d.jpg'><img width="116" height="150" src="https://pontscouverts.com/blogue/wp-content/uploads/2021/03/61-60-15_Sept1977d-e1615985223666-116x150.jpg" class="attachment-thumbnail size-thumbnail" alt="" loading="lazy" aria-describedby="gallery-1-31230" /></a>
			</dt>
				<dd class='wp-caption-text gallery-caption' id='gallery-1-31230'>
				Pierre Duff Septembre 1977
				</dd></dl><br style="clear: both" />
		</div>

<p>&nbsp;</p>

<p>Saguenay-Lac-St-Jean Lac-Bouchette (St-Thomas-d&rsquo;Aquin) Construction : vers 1910 Longueur : 73 pieds Cours d’eau : Rivière Ouiatchouan Statut : Incendié en 1978 Localisation : Chemin de la Montagne Type de ferme : Town élaboré No officiel : 61-60-15 Site Web de la ville À propos de ce pont : On ignore la date exacte de construction de ce pont [&hellip;]</p>
