{"id":30778,"date":"2021-02-09T08:56:10","date_gmt":"2021-02-09T13:56:10","guid":{"rendered":"http:\/\/pontscouverts.com\/blogue\/?page_id=30778"},"modified":"2021-02-10T08:16:45","modified_gmt":"2021-02-10T13:16:45","slug":"pont-authier","status":"publish","type":"page","link":"https:\/\/pontscouverts.com\/blogue\/pont-authier\/","title":{"rendered":"Pont Authier"},"content":{"rendered":"<h1 class=\"paragraph_style_2\"><em><strong><span class=\"style_2\" style=\"color: #008000;\">Abitibi-T\u00e9miscamingue<\/span><\/strong><\/em><\/h1>\n<h2 class=\"paragraph_style_3\"><span style=\"color: #000000;\">Authier<\/span><\/h2>\n<div id=\"attachment_30780\" style=\"width: 1485px\" class=\"wp-caption alignnone\"><a href=\"http:\/\/pontscouverts.com\/blogue\/wp-content\/uploads\/2021\/02\/61-02-24_Avril1976_d.jpg\"><img aria-describedby=\"caption-attachment-30780\" loading=\"lazy\" class=\"wp-image-30780 size-full\" src=\"http:\/\/pontscouverts.com\/blogue\/wp-content\/uploads\/2021\/02\/61-02-24_Avril1976_d.jpg\" alt=\"\" width=\"1475\" height=\"921\" srcset=\"https:\/\/pontscouverts.com\/blogue\/wp-content\/uploads\/2021\/02\/61-02-24_Avril1976_d.jpg 1475w, https:\/\/pontscouverts.com\/blogue\/wp-content\/uploads\/2021\/02\/61-02-24_Avril1976_d-300x187.jpg 300w, https:\/\/pontscouverts.com\/blogue\/wp-content\/uploads\/2021\/02\/61-02-24_Avril1976_d-768x480.jpg 768w, https:\/\/pontscouverts.com\/blogue\/wp-content\/uploads\/2021\/02\/61-02-24_Avril1976_d-1024x639.jpg 1024w\" sizes=\"(max-width: 1475px) 100vw, 1475px\" \/><\/a><p id=\"caption-attachment-30780\" class=\"wp-caption-text\">Photo : Pierre Duff<\/p><\/div>\n<p><span style=\"color: #000000;\"><strong>Construction :<\/strong> 1917<\/span><br \/>\n<span style=\"color: #000000;\"><strong>Longueur :<\/strong>\u00a072 pieds<\/span><br \/>\n<span style=\"color: #000000;\"><strong>Cours d\u2019eau :<\/strong> Rivi\u00e8re Bellefeuille<\/span><br \/>\n<span style=\"color: #000000;\"><strong>Statut :<\/strong> D\u00e9moli en 1976<\/span><br \/>\n<span style=\"color: #000000;\"><strong>Localisation :<\/strong> Route du 1er Rang<\/span><br \/>\n<span style=\"color: #000000;\"><strong>Type de ferme :<\/strong> Poin\u00e7ons multiples<\/span><br \/>\n<strong>Hauteur libre :<\/strong> <span style=\"color: #000000;\">3,50 m<\/span><br \/>\n<span style=\"color: #000000;\"><strong>No officiel :<\/strong> 61-02-24<\/span><br \/>\n<a href=\"http:\/\/authier.ao.ca\/fr\/\" target=\"_blank\" rel=\"noopener\"><strong><span style=\"color: #0000ff;\">Site Web de la ville<\/span><\/strong><\/a><br \/>\n<a href=\"https:\/\/goo.gl\/maps\/pNEageoiy4apwzCE8\" target=\"_blank\" rel=\"noopener\"><strong><span style=\"color: #0000ff;\">Carte Google Street View<\/span><\/strong><\/a><\/p>\n<h2><span style=\"color: #008000;\"><strong>\u00c0 propos de ce pont :<\/strong><\/span><\/h2>\n<p style=\"text-align: left;\"><span style=\"color: #000000;\">Il s&rsquo;agirait du seul pont couvert \u00e0 poin\u00e7ons multiples \u00e0 avoir \u00e9t\u00e9 construit dans cette r\u00e9gion du Qu\u00e9bec.<\/span><br \/>\n<span style=\"color: #000000;\">Ce pont est parmi les premiers \u00e0 avoir \u00e9t\u00e9 \u00e9rig\u00e9 en Abitibi.<\/span><br \/>\n<span style=\"color: #000000;\">La structure \u00e9tait constitu\u00e9e d\u2019une seule trav\u00e9e, laquelle \u00e9tait support\u00e9e par 2 poutres triangul\u00e9es pleine hauteur de type arbal\u00e9triers et poin\u00e7ons multiples.<\/span><br \/>\n<span style=\"color: #000000;\">Des avant-ponts en bois donnaient acc\u00e8s au pont couvert.<\/span><br \/>\n<span style=\"color: #000000;\">Mesurant 72 pieds, la longueur totale du pont incluant les approches \u00e9tait de 103 pieds.<\/span><br \/>\n<span style=\"color: #000000;\">Deux ouvertures lat\u00e9rales de chaque c\u00f4t\u00e9 du pont.<\/span><br \/>\n<span style=\"color: #000000;\">Cul\u00e9es en bois recouvertes de planches verticales.<\/span><br \/>\n<span style=\"color: #000000;\">Toiture en t\u00f4le.<\/span><br \/>\n<span style=\"color: #000000;\">La date 1943 (ou 1948 ?) peinte sur un des portiques indique que le pont aurait \u00e9t\u00e9 peintur\u00e9 \u00e0 cette \u00e9poque.<\/span><\/p>\n<h1 style=\"text-align: center;\"><span style=\"color: #333399;\">GALERIE DE PHOTOS<\/span><\/h1>\n\n\t\t<style type=\"text\/css\">\n\t\t\t#gallery-1 {\n\t\t\t\tmargin: auto;\n\t\t\t}\n\t\t\t#gallery-1 .gallery-item {\n\t\t\t\tfloat: left;\n\t\t\t\tmargin-top: 10px;\n\t\t\t\ttext-align: center;\n\t\t\t\twidth: 33%;\n\t\t\t}\n\t\t\t#gallery-1 img {\n\t\t\t\tborder: 2px solid #cfcfcf;\n\t\t\t}\n\t\t\t#gallery-1 .gallery-caption {\n\t\t\t\tmargin-left: 0;\n\t\t\t}\n\t\t\t\/* see gallery_shortcode() in wp-includes\/media.php *\/\n\t\t<\/style>\n\t\t<div id='gallery-1' class='gallery galleryid-30778 gallery-columns-3 gallery-size-thumbnail'><dl class='gallery-item'>\n\t\t\t<dt class='gallery-icon landscape'>\n\t\t\t\t<a href='https:\/\/pontscouverts.com\/blogue\/wp-content\/uploads\/2021\/02\/61-02-24_Avril1976_b.jpg'><img width=\"150\" height=\"97\" src=\"https:\/\/pontscouverts.com\/blogue\/wp-content\/uploads\/2021\/02\/61-02-24_Avril1976_b-e1612878736801-150x97.jpg\" class=\"attachment-thumbnail size-thumbnail\" alt=\"\" loading=\"lazy\" aria-describedby=\"gallery-1-30787\" \/><\/a>\n\t\t\t<\/dt>\n\t\t\t\t<dd class='wp-caption-text gallery-caption' id='gallery-1-30787'>\n\t\t\t\tPierre Duff Avril 1976\n\t\t\t\t<\/dd><\/dl><dl class='gallery-item'>\n\t\t\t<dt class='gallery-icon landscape'>\n\t\t\t\t<a href='https:\/\/pontscouverts.com\/blogue\/wp-content\/uploads\/2021\/02\/61-02-24_Avril1976_c.jpg'><img width=\"150\" height=\"105\" src=\"https:\/\/pontscouverts.com\/blogue\/wp-content\/uploads\/2021\/02\/61-02-24_Avril1976_c-e1612878747218-150x105.jpg\" class=\"attachment-thumbnail size-thumbnail\" alt=\"\" loading=\"lazy\" aria-describedby=\"gallery-1-30788\" \/><\/a>\n\t\t\t<\/dt>\n\t\t\t\t<dd class='wp-caption-text gallery-caption' id='gallery-1-30788'>\n\t\t\t\tPierre Duff Avril 1976\n\t\t\t\t<\/dd><\/dl><dl class='gallery-item'>\n\t\t\t<dt class='gallery-icon landscape'>\n\t\t\t\t<a href='https:\/\/pontscouverts.com\/blogue\/wp-content\/uploads\/2021\/02\/61-02-24_Avril1976_e.jpg'><img width=\"150\" height=\"97\" src=\"https:\/\/pontscouverts.com\/blogue\/wp-content\/uploads\/2021\/02\/61-02-24_Avril1976_e-e1612878757161-150x97.jpg\" class=\"attachment-thumbnail size-thumbnail\" alt=\"\" loading=\"lazy\" aria-describedby=\"gallery-1-30789\" \/><\/a>\n\t\t\t<\/dt>\n\t\t\t\t<dd class='wp-caption-text gallery-caption' id='gallery-1-30789'>\n\t\t\t\tPierre Duff Avril 1976\n\t\t\t\t<\/dd><\/dl><br style=\"clear: both\" \/><dl class='gallery-item'>\n\t\t\t<dt class='gallery-icon landscape'>\n\t\t\t\t<a href='https:\/\/pontscouverts.com\/blogue\/wp-content\/uploads\/2021\/02\/61-02-24_Avril1976_a.jpg'><img width=\"150\" height=\"98\" src=\"https:\/\/pontscouverts.com\/blogue\/wp-content\/uploads\/2021\/02\/61-02-24_Avril1976_a-e1612878771577-150x98.jpg\" class=\"attachment-thumbnail size-thumbnail\" alt=\"\" loading=\"lazy\" aria-describedby=\"gallery-1-30786\" \/><\/a>\n\t\t\t<\/dt>\n\t\t\t\t<dd class='wp-caption-text gallery-caption' id='gallery-1-30786'>\n\t\t\t\tPierre Duff Avril 1976\n\t\t\t\t<\/dd><\/dl><dl class='gallery-item'>\n\t\t\t<dt class='gallery-icon landscape'>\n\t\t\t\t<a href='https:\/\/pontscouverts.com\/blogue\/wp-content\/uploads\/2021\/02\/Authier1963.jpg'><img width=\"150\" height=\"95\" src=\"https:\/\/pontscouverts.com\/blogue\/wp-content\/uploads\/2021\/02\/Authier1963-e1612878785144-150x95.jpg\" class=\"attachment-thumbnail size-thumbnail\" alt=\"\" loading=\"lazy\" aria-describedby=\"gallery-1-30790\" \/><\/a>\n\t\t\t<\/dt>\n\t\t\t\t<dd class='wp-caption-text gallery-caption' id='gallery-1-30790'>\n\t\t\t\tMTQ vers 1963\n\t\t\t\t<\/dd><\/dl>\n\t\t\t<br style='clear: both' \/>\n\t\t<\/div>\n\n","protected":false},"excerpt":{"rendered":"<p>Abitibi-T\u00e9miscamingue Authier Construction : 1917 Longueur :\u00a072 pieds Cours d\u2019eau : Rivi\u00e8re Bellefeuille Statut : D\u00e9moli en 1976 Localisation : Route du 1er Rang Type de ferme : Poin\u00e7ons multiples Hauteur libre : 3,50 m No officiel : 61-02-24 Site Web de la ville Carte Google Street View \u00c0 propos de ce pont : Il [&hellip;]<\/p>\n","protected":false},"author":1,"featured_media":0,"parent":0,"menu_order":0,"comment_status":"closed","ping_status":"closed","template":"","meta":[],"_links":{"self":[{"href":"https:\/\/pontscouverts.com\/blogue\/wp-json\/wp\/v2\/pages\/30778"}],"collection":[{"href":"https:\/\/pontscouverts.com\/blogue\/wp-json\/wp\/v2\/pages"}],"about":[{"href":"https:\/\/pontscouverts.com\/blogue\/wp-json\/wp\/v2\/types\/page"}],"author":[{"embeddable":true,"href":"https:\/\/pontscouverts.com\/blogue\/wp-json\/wp\/v2\/users\/1"}],"replies":[{"embeddable":true,"href":"https:\/\/pontscouverts.com\/blogue\/wp-json\/wp\/v2\/comments?post=30778"}],"version-history":[{"count":11,"href":"https:\/\/pontscouverts.com\/blogue\/wp-json\/wp\/v2\/pages\/30778\/revisions"}],"predecessor-version":[{"id":30801,"href":"https:\/\/pontscouverts.com\/blogue\/wp-json\/wp\/v2\/pages\/30778\/revisions\/30801"}],"wp:attachment":[{"href":"https:\/\/pontscouverts.com\/blogue\/wp-json\/wp\/v2\/media?parent=30778"}],"curies":[{"name":"wp","href":"https:\/\/api.w.org\/{rel}","templated":true}]}}