{"id":30725,"date":"2021-02-02T09:14:27","date_gmt":"2021-02-02T14:14:27","guid":{"rendered":"http:\/\/pontscouverts.com\/blogue\/?page_id=30725"},"modified":"2021-02-02T09:14:27","modified_gmt":"2021-02-02T14:14:27","slug":"pont-notre-dame-de-lorette","status":"publish","type":"page","link":"https:\/\/pontscouverts.com\/blogue\/pont-notre-dame-de-lorette\/","title":{"rendered":"Pont Notre-Dame-de-Lorette"},"content":{"rendered":"<h1><em><span style=\"color: #008000;\">Saguenay-Lac-Saint-Jean<\/span><\/em><\/h1>\n<h2><span style=\"color: #000000;\">Notre-Dame-de-Lorette<\/span><\/h2>\n<div id=\"attachment_30729\" style=\"width: 3052px\" class=\"wp-caption alignnone\"><a href=\"http:\/\/pontscouverts.com\/blogue\/wp-content\/uploads\/2021\/02\/61-60-08b.jpg\"><img aria-describedby=\"caption-attachment-30729\" loading=\"lazy\" class=\"wp-image-30729 size-full\" src=\"http:\/\/pontscouverts.com\/blogue\/wp-content\/uploads\/2021\/02\/61-60-08b.jpg\" alt=\"\" width=\"3042\" height=\"1995\" srcset=\"https:\/\/pontscouverts.com\/blogue\/wp-content\/uploads\/2021\/02\/61-60-08b.jpg 3042w, https:\/\/pontscouverts.com\/blogue\/wp-content\/uploads\/2021\/02\/61-60-08b-e1612275021824-150x98.jpg 150w, https:\/\/pontscouverts.com\/blogue\/wp-content\/uploads\/2021\/02\/61-60-08b-300x197.jpg 300w, https:\/\/pontscouverts.com\/blogue\/wp-content\/uploads\/2021\/02\/61-60-08b-768x504.jpg 768w, https:\/\/pontscouverts.com\/blogue\/wp-content\/uploads\/2021\/02\/61-60-08b-1024x672.jpg 1024w\" sizes=\"(max-width: 3042px) 100vw, 3042px\" \/><\/a><p id=\"caption-attachment-30729\" class=\"wp-caption-text\">Photo : Andr\u00e9 Goossens<\/p><\/div>\n<p><span style=\"color: #000000;\"><strong>Construction :<\/strong> 1943<\/span><br \/>\n<span style=\"color: #000000;\"><strong>Longueur :<\/strong> 88 pieds<\/span><br \/>\n<span style=\"color: #000000;\"><strong>Cours d\u2019eau :<\/strong> Rivi\u00e8re aux Foins<\/span><br \/>\n<span style=\"color: #000000;\"><strong>Statut :<\/strong> D\u00e9moli en 1980<\/span><br \/>\n<span style=\"color: #000000;\"><strong>Localisation :<\/strong> Rue Principale<\/span><br \/>\n<span style=\"color: #000000;\"><strong>Type de ferme :\u00a0<\/strong>Town \u00e9labor\u00e9<\/span><br \/>\n<span style=\"color: #000000;\"><strong>Hauteur libre :<\/strong> N\/D<\/span><br \/>\n<span style=\"color: #000000;\"><strong>No officiel :<\/strong> 61-60-08<\/span><br \/>\n<a href=\"https:\/\/notre-dame-de-lorette.com\" target=\"_blank\" rel=\"noopener\"><strong><span style=\"color: #0000ff;\">Site Web de la ville<\/span><\/strong><\/a><br \/>\n<a href=\"https:\/\/goo.gl\/maps\/r6xiguveHsiVe1Eo7\" target=\"_blank\" rel=\"noopener\"><strong><span style=\"color: #0000ff;\">Carte Google Street View<\/span><\/strong><\/a><\/p>\n<h2><span style=\"color: #008000;\"><strong>\u00c0 propos de ce pont :<\/strong><\/span><\/h2>\n<p><span style=\"color: #000000;\">Portiques cintr\u00e9s.<\/span><br \/>\n<span style=\"color: #000000;\">Connu aussi localement sous le nom de pont Paquet.<\/span><br \/>\n<span style=\"color: #000000;\">Ce pont a \u00e9t\u00e9 d\u00e9moli en 1980 pour \u00eatre remplac\u00e9 par un pont de b\u00e9ton.<\/span><\/p>\n<h1 style=\"text-align: center;\"><span style=\"color: #333399;\">GALERIE DE PHOTOS<\/span><\/h1>\n\n\t\t<style type=\"text\/css\">\n\t\t\t#gallery-1 {\n\t\t\t\tmargin: auto;\n\t\t\t}\n\t\t\t#gallery-1 .gallery-item {\n\t\t\t\tfloat: left;\n\t\t\t\tmargin-top: 10px;\n\t\t\t\ttext-align: center;\n\t\t\t\twidth: 33%;\n\t\t\t}\n\t\t\t#gallery-1 img {\n\t\t\t\tborder: 2px solid #cfcfcf;\n\t\t\t}\n\t\t\t#gallery-1 .gallery-caption {\n\t\t\t\tmargin-left: 0;\n\t\t\t}\n\t\t\t\/* see gallery_shortcode() in wp-includes\/media.php *\/\n\t\t<\/style>\n\t\t<div id='gallery-1' class='gallery galleryid-30725 gallery-columns-3 gallery-size-thumbnail'><dl class='gallery-item'>\n\t\t\t<dt class='gallery-icon landscape'>\n\t\t\t\t<a href='https:\/\/pontscouverts.com\/blogue\/wp-content\/uploads\/2021\/02\/61-60-08a.jpg'><img width=\"150\" height=\"99\" src=\"https:\/\/pontscouverts.com\/blogue\/wp-content\/uploads\/2021\/02\/61-60-08a-e1612275044995-150x99.jpg\" class=\"attachment-thumbnail size-thumbnail\" alt=\"\" loading=\"lazy\" aria-describedby=\"gallery-1-30733\" \/><\/a>\n\t\t\t<\/dt>\n\t\t\t\t<dd class='wp-caption-text gallery-caption' id='gallery-1-30733'>\n\t\t\t\tAndr\u00e9 Goossens 1980\n\t\t\t\t<\/dd><\/dl><dl class='gallery-item'>\n\t\t\t<dt class='gallery-icon landscape'>\n\t\t\t\t<a href='https:\/\/pontscouverts.com\/blogue\/wp-content\/uploads\/2021\/02\/61-60-08d.jpg'><img width=\"150\" height=\"96\" src=\"https:\/\/pontscouverts.com\/blogue\/wp-content\/uploads\/2021\/02\/61-60-08d-e1612275033218-150x96.jpg\" class=\"attachment-thumbnail size-thumbnail\" alt=\"\" loading=\"lazy\" aria-describedby=\"gallery-1-30728\" \/><\/a>\n\t\t\t<\/dt>\n\t\t\t\t<dd class='wp-caption-text gallery-caption' id='gallery-1-30728'>\n\t\t\t\tAndr\u00e9 Goossens 1980\n\t\t\t\t<\/dd><\/dl><dl class='gallery-item'>\n\t\t\t<dt class='gallery-icon landscape'>\n\t\t\t\t<a href='https:\/\/pontscouverts.com\/blogue\/wp-content\/uploads\/2021\/02\/61-60-08b.jpg'><img width=\"150\" height=\"98\" src=\"https:\/\/pontscouverts.com\/blogue\/wp-content\/uploads\/2021\/02\/61-60-08b-e1612275021824-150x98.jpg\" class=\"attachment-thumbnail size-thumbnail\" alt=\"\" loading=\"lazy\" aria-describedby=\"gallery-1-30729\" \/><\/a>\n\t\t\t<\/dt>\n\t\t\t\t<dd class='wp-caption-text gallery-caption' id='gallery-1-30729'>\n\t\t\t\tAndr\u00e9 Goossens 1980\n\t\t\t\t<\/dd><\/dl><br style=\"clear: both\" \/><dl class='gallery-item'>\n\t\t\t<dt class='gallery-icon landscape'>\n\t\t\t\t<a href='https:\/\/pontscouverts.com\/blogue\/wp-content\/uploads\/2021\/02\/61-60-08c.jpg'><img width=\"150\" height=\"100\" src=\"https:\/\/pontscouverts.com\/blogue\/wp-content\/uploads\/2021\/02\/61-60-08c-e1612275055286-150x100.jpg\" class=\"attachment-thumbnail size-thumbnail\" alt=\"\" loading=\"lazy\" aria-describedby=\"gallery-1-30734\" \/><\/a>\n\t\t\t<\/dt>\n\t\t\t\t<dd class='wp-caption-text gallery-caption' id='gallery-1-30734'>\n\t\t\t\tAndr\u00e9 Goossens 1980\n\t\t\t\t<\/dd><\/dl><dl class='gallery-item'>\n\t\t\t<dt class='gallery-icon portrait'>\n\t\t\t\t<a href='https:\/\/pontscouverts.com\/blogue\/wp-content\/uploads\/2021\/02\/61-60-08e.jpg'><img width=\"100\" height=\"150\" src=\"https:\/\/pontscouverts.com\/blogue\/wp-content\/uploads\/2021\/02\/61-60-08e-e1612275068801-100x150.jpg\" class=\"attachment-thumbnail size-thumbnail\" alt=\"\" loading=\"lazy\" aria-describedby=\"gallery-1-30735\" \/><\/a>\n\t\t\t<\/dt>\n\t\t\t\t<dd class='wp-caption-text gallery-caption' id='gallery-1-30735'>\n\t\t\t\tAndr\u00e9 Goossens 1980\n\t\t\t\t<\/dd><\/dl><dl class='gallery-item'>\n\t\t\t<dt class='gallery-icon landscape'>\n\t\t\t\t<a href='https:\/\/pontscouverts.com\/blogue\/wp-content\/uploads\/2021\/02\/61-60-08_Pierre_Duff_Septembre_1977_a.jpg'><img width=\"150\" height=\"101\" src=\"https:\/\/pontscouverts.com\/blogue\/wp-content\/uploads\/2021\/02\/61-60-08_Pierre_Duff_Septembre_1977_a-e1612275140878-150x101.jpg\" class=\"attachment-thumbnail size-thumbnail\" alt=\"\" loading=\"lazy\" aria-describedby=\"gallery-1-30737\" \/><\/a>\n\t\t\t<\/dt>\n\t\t\t\t<dd class='wp-caption-text gallery-caption' id='gallery-1-30737'>\n\t\t\t\tPierre Duff Septembre 1977\n\t\t\t\t<\/dd><\/dl><br style=\"clear: both\" \/><dl class='gallery-item'>\n\t\t\t<dt class='gallery-icon landscape'>\n\t\t\t\t<a href='https:\/\/pontscouverts.com\/blogue\/wp-content\/uploads\/2021\/02\/61-60-08_Pierre_Duff_Septembre_1977_b.jpg'><img width=\"150\" height=\"98\" src=\"https:\/\/pontscouverts.com\/blogue\/wp-content\/uploads\/2021\/02\/61-60-08_Pierre_Duff_Septembre_1977_b-e1612275151775-150x98.jpg\" class=\"attachment-thumbnail size-thumbnail\" alt=\"\" loading=\"lazy\" aria-describedby=\"gallery-1-30738\" \/><\/a>\n\t\t\t<\/dt>\n\t\t\t\t<dd class='wp-caption-text gallery-caption' id='gallery-1-30738'>\n\t\t\t\tPierre Duff Septembre 1977\n\t\t\t\t<\/dd><\/dl><dl class='gallery-item'>\n\t\t\t<dt class='gallery-icon landscape'>\n\t\t\t\t<a href='https:\/\/pontscouverts.com\/blogue\/wp-content\/uploads\/2021\/02\/61-60-08_Pierre_Duff_Septembre_1977_c.jpg'><img width=\"150\" height=\"106\" src=\"https:\/\/pontscouverts.com\/blogue\/wp-content\/uploads\/2021\/02\/61-60-08_Pierre_Duff_Septembre_1977_c-e1612275161282-150x106.jpg\" class=\"attachment-thumbnail size-thumbnail\" alt=\"\" loading=\"lazy\" aria-describedby=\"gallery-1-30739\" \/><\/a>\n\t\t\t<\/dt>\n\t\t\t\t<dd class='wp-caption-text gallery-caption' id='gallery-1-30739'>\n\t\t\t\tPierre Duff Septembre 1977\n\t\t\t\t<\/dd><\/dl>\n\t\t\t<br style='clear: both' \/>\n\t\t<\/div>\n\n","protected":false},"excerpt":{"rendered":"<p>Saguenay-Lac-Saint-Jean Notre-Dame-de-Lorette Construction : 1943 Longueur : 88 pieds Cours d\u2019eau : Rivi\u00e8re aux Foins Statut : D\u00e9moli en 1980 Localisation : Rue Principale Type de ferme :\u00a0Town \u00e9labor\u00e9 Hauteur libre : N\/D No officiel : 61-60-08 Site Web de la ville Carte Google Street View \u00c0 propos de ce pont : Portiques cintr\u00e9s. Connu [&hellip;]<\/p>\n","protected":false},"author":1,"featured_media":0,"parent":0,"menu_order":0,"comment_status":"closed","ping_status":"closed","template":"","meta":[],"_links":{"self":[{"href":"https:\/\/pontscouverts.com\/blogue\/wp-json\/wp\/v2\/pages\/30725"}],"collection":[{"href":"https:\/\/pontscouverts.com\/blogue\/wp-json\/wp\/v2\/pages"}],"about":[{"href":"https:\/\/pontscouverts.com\/blogue\/wp-json\/wp\/v2\/types\/page"}],"author":[{"embeddable":true,"href":"https:\/\/pontscouverts.com\/blogue\/wp-json\/wp\/v2\/users\/1"}],"replies":[{"embeddable":true,"href":"https:\/\/pontscouverts.com\/blogue\/wp-json\/wp\/v2\/comments?post=30725"}],"version-history":[{"count":8,"href":"https:\/\/pontscouverts.com\/blogue\/wp-json\/wp\/v2\/pages\/30725\/revisions"}],"predecessor-version":[{"id":30741,"href":"https:\/\/pontscouverts.com\/blogue\/wp-json\/wp\/v2\/pages\/30725\/revisions\/30741"}],"wp:attachment":[{"href":"https:\/\/pontscouverts.com\/blogue\/wp-json\/wp\/v2\/media?parent=30725"}],"curies":[{"name":"wp","href":"https:\/\/api.w.org\/{rel}","templated":true}]}}